 - 16). Let x be m(s). Let q = x - 11. Calculate the remainder when 57 is divided by q.
12
Suppose 30*m - 543 - 87 = 0. Calculate the remainder when m is divided by 7.
0
Let g(f) = f**3 + 16*f**2 + 39*f + 4. What is the remainder when 70 is divided by g(-13)?
2
Suppose 3*g + 0*g - 483 = 0. Let l = -239 + g. What is the remainder when ((-2)/(-4))/((-3)/l) is divided by 8?
5
Let k(o) = 4*o**2 + 8*o - 18. What is the remainder when 166 is divided by k(-4)?
12
Suppose 13*b = 7*b + 84. Suppose -4 - b = -3*a. What is the remainder when 17 is divided by a?
5
Let w = 25 + 3. Let g(l) = -l**2 - 13*l - 12. Calculate the remainder when w is divided by g(-11).
8
Let x(y) = 2*y**2 + 9 + 4 - 17*y + 1. What is the remainder when x(11) is divided by 24?
21
Suppose 0 = -3*y + 7 + 14. Let t = -2 - y. Let z = t - -16. Calculate the remainder when 27 is divided by z.
6
Let n(a) be the first derivative of 13*a**2/2 + 23*a - 16. Calculate the remainder when n(7) is divided by 29.
27
Let k = -9 + 9. Suppose k*s + 4*s - 60 = -5*l, -70 = -5*s - 5*l. What is the remainder when (-19)/(-4)*(3 - -1) is divided by s?
9
Let k(h) = -h**2 + 7*h - 3. Suppose -2*a + 33707 = 33661. Calculate the remainder when a is divided by k(5).
2
Let q(y) = -7*y**3 + y + 1. Let b = 1299 + -1291. Calculate the remainder when b is divided by q(-1).
1
Let n(a) = a**3 - 10*a**2 + 9*a. Let z be n(9). Suppose 2 = 2*g, -d + 6*g - g = z. Calculate the remainder when d is divided by 0 - 0 - (-11 + 9).
1
Let i be 0 + 4 + 1 + 0. Suppose 4*w - 101 = -i. Suppose -5*b = -4*s + 71, s - w = 3*b - 8*b. Calculate the remainder when 36 is divided by s.
17
Suppose 0 = -2*q - 0 + 198. What is the remainder when 1087 is divided by q?
97
Let l be (-2)/(6/3) - -5. Suppose 2*o = 3*y - 127, -2*y - l*o + 151 = y. Suppose 0 = -4*f + 22*f - 288. What is the remainder when y is divided by f?
13
Let w = 868 - 629. Calculate the remainder when w is divided by 12.
11
Suppose 2*v - 4*k - 380 = 0, -3*v - 3*k = v - 727. Let m be (-8)/20 + v/10. Suppose 2*x = m + 4. Calculate the remainder when x is divided by 3.
2
Suppose 0 = -b - 2, -3*h + 10*b = 7*b - 966. Calculate the remainder when h is divided by 106.
2
Let i be 3/9 + (-28)/(-6) + 0. Suppose 3*r = r - i*l + 108, -5*l = -r + 39. Calculate the remainder when 95 is divided by r.
46
Suppose 3*t = t + 54. What is the remainder when 6*-1 + 24/12*29 is divided by t?
25
Let u(g) = g**2 + 5*g + 34. Let q be u(-18). Suppose -9*f - l = -5*f - 228, -5*f + 3*l = -q. What is the remainder when f is divided by 19?
18
Suppose -132 = -3*j - 3*m, -7*j + 4*j + 136 = m. What is the remainder when 457 is divided by j?
43
Let r be 5 - (-2 + (3 - 0)). Suppose -5*o + 4*q = -1359, -r*q = -o + 150 + 109. Calculate the remainder when o is divided by 46.
45
Suppose -5*c - 13*t + 8*t = -3485, 0 = 5*c - 3*t - 3485. Calculate the remainder when c is divided by 14.
11
Suppose 2*t + 16 = -v + 6*v, 5*t = 5*v - 10. Let b = -99 - -72. Let w = b + 32. Calculate the remainder when w is divided by v.
1
Suppose -2*t = -46 - 0. Calculate the remainder when t is divided by 2.
1
Let r = -324 - -426. What is the remainder when r is divided by 5?
2
Let a(d) = 120*d + 1. Let l = 204 - 173. What is the remainder when a(1) is divided by l?
28
What is the remainder when (-15 - 2)*66/(-6) is divided by 61?
4
Suppose 3*d + 5*i + 7 = -10, 5*d + 4*i + 11 = 0. What is the remainder when 12 is divided by 9 + (-8 - (-3 - d))?
2
Let c(y) = y**3 - 8*y**2 + 6*y - 10. Let n be c(7). Let v = 17 + n. Suppose v = -3*a + 12 + 3. Calculate the remainder when a is divided by 3.
2
Suppose 8*t - 151 = 329. What is the remainder when 354 is divided by t?
54
Let l(b) = 3*b**3 + 45*b**2 + 43*b + 31. Calculate the remainder when 54 is divided by l(-14).
3
Suppose 4*d - 78 = 2*d. Suppose f - 124 = -0*f. Suppose -5*r - d = -f. Calculate the remainder when r is divided by 5.
2
Suppose 2*z = 2*b + 6, 21 = 3*z + b + 2*b. Suppose -3*t + 110 = z*y + t, 74 = 3*y + 4*t. What is the remainder when 52 is divided by y?
16
Let i be 1/(-3) + (3 - 5/3). Calculate the remainder when (2 - -7)/((i/1)/6) is divided by 15.
9
Let p(c) = -289*c + 5. What is the remainder when p(-2) is divided by 65?
63
Let o(z) = 2*z**2 + z + 2. Suppose c - 4 = 3*a + 36, c - 46 = a. Calculate the remainder when c is divided by o(-3).
15
Let z be ((-24)/4)/(-3) + -3. Suppose 2 = -g - i, -3*i - i = 3*g + 11. Calculate the remainder when (g - 2) + z + 4 is divided by 2.
0
What is the remainder when (30688/(-21))/(-8) + 1/3 is divided by 17?
13
Let x(a) = a**3 + 10*a**2 - 8. Let j be x(-10). Let o = j - -13. What is the remainder when o is divided by 1?
0
Suppose 2*s = 6*s + s. Suppose s = 2*b + 8, -4*a + 113 = -4*b - 39. What is the remainder when 133 is divided by a?
31
Let r(g) = -49*g**3 + 4*g**2 + 6*g + 1. Calculate the remainder when 143 is divided by r(-1).
47
Let i(f) = -2*f - 2. Let d(w) = w**2 + 4*w. Let t be d(-3). What is the remainder when i(-18) is divided by (3*-4)/t*3?
10
Let o(c) = 4*c**2 - 7*c - 20. Calculate the remainder when 123 is divided by o(4).
11
Suppose 12*r - 17*r = -60. Calculate the remainder when 67 is divided by r.
7
Let t = 3277 + -2173. Suppose t = 10*h - 86. Calculate the remainder when h is divided by 11.
9
Calculate the remainder when 97 is divided by 1/((-212)/108 - -2).
16
Let p be 3/(-27) - 4/(-36). Suppose -5*g + 15 + 10 = l, p = 3*l - 3*g - 93. Calculate the remainder when l is divided by 11.
8
Suppose 54*g = 1248 + 534. What is the remainder when 49 is divided by g?
16
What is the remainder when 2/(6/(410 - 8)) is divided by 34?
32
Suppose -120 + 0 = -b. What is the remainder when b is divided by 1300/60 + (4/3)/(-2)?
15
Suppose 0*d + 21078 = 5*d - 2*x, -d + 4210 = x. Calculate the remainder when d is divided by 34.
32
Let t be 12/3 + (-24)/((-16)/(-4)). What is the remainder when 79 - (2/t + 5) is divided by 19?
18
Suppose -4*n - 9 = c, -15 - 6 = -5*c + 2*n. Let g(h) = -4*h + 1. Let b be g(-5). Suppose -3*r = -9 - b. What is the remainder when r is divided by c?
1
Let p be (0 + -4)*(-3 + 5). What is the remainder when 162 is divided by -9*(p/3 + -1)?
30
Suppose 0 = -3*b + 2*b + 2*t + 24, 4*t = -2*b + 16. What is the remainder when b is divided by (-34)/(-6) + 4/(-6)?
1
Let h = 1003 + -975. Suppose -5 = -5*c, 3*x + 6*c - 5*c = 16. Suppose 0 = 4*w - 5*m - 217, 260 = 8*w - 3*w + x*m. What is the remainder when w is divided by h?
25
Let j = -244 + 414. Suppose 5*i + 4*d - j = 0, -d - 2*d = i - 45. Let w = 1113 - 1102. What is the remainder when i is divided by w?
8
Suppose -106 = -x - 0. Calculate the remainder when 419 is divided by x.
101
Suppose -129 - 223 = -11*r. Calculate the remainder when r is divided by 9.
5
Suppose -15 = -5*m, -2*d + 0*m + 154 = 2*m. Let u(f) = -2*f**3 - 24*f**2 - 3*f - 10. Calculate the remainder when d is divided by u(-12).
22
Suppose 149 = 5*v + 2*t, -120 + 257 = 5*v - 4*t. What is the remainder when v is divided by 5?
4
Suppose 5*k = -25, -1777 = -5*p - k + 2113. What is the remainder when p is divided by 39?
38
Suppose 0 = -q - 2*n + 13, -22*q + 63 = -18*q - 3*n. Calculate the remainder when 612 is divided by q.
12
Let g = -224 - -231. What is the remainder when 19 is divided by g?
5
Suppose -23*o = o - 168. Calculate the remainder when 21 is divided by o.
0
Suppose -4*s = -0*g - 4*g - 20, 0 = -5*g + 3*s - 19. Calculate the remainder when 10 is divided by 40/(-30)*(-1 + 1/g).
0
Suppose -76 = -2*h - 10. Calculate the remainder when h is divided by 5.
3
Let z(q) = -q**3 + 2*q**2 + 19. Calculate the remainder when 71 is divided by z(0).
14
Suppose 4*r = 2*p - 6, -3*p - 3*r = 17 + 1. Let y(c) = -c**3 + c**2 + 4. What is the remainder when 159 is divided by y(p)?
39
Let f = 130 + -125. Let a = 92 + -44. Calculate the remainder when a/3 + -2 - 0 is divided by f.
4
Suppose -4*y = -98 + 46. Suppose -3*v + 111 = -0*v. Calculate the remainder when v is divided by y.
11
Suppose 3*b + b = -3*o + 1379, 4*o - 2*b = 1846. What is the remainder when o is divided by 29?
26
Let j(a) = a**3 + 5*a**2 - 9*a - 2. Suppose 87 = 2*f - 3*i, -i = 2*i - 3. What is the remainder when f is divided by j(-6)?
13
Let c be ((-9)/(-3) + -3)/(-4). Suppose s + 5*l = 20, -s - 3*l = -c*s - 14. What is the remainder when 9 is divided by s?
4
Suppo